{"id":288,"date":"2023-09-22T12:55:40","date_gmt":"2023-09-22T15:55:40","guid":{"rendered":"https:\/\/www.viejohotelostende.com.ar\/home\/?page_id=288"},"modified":"2023-09-29T19:33:04","modified_gmt":"2023-09-29T22:33:04","slug":"alojamiento","status":"publish","type":"page","link":"https:\/\/www.viejohotelostende.com.ar\/home\/es\/alojamiento\/","title":{"rendered":"Alojamiento"},"content":{"rendered":"<section class=\"wpb-content-wrapper\">[vc_row css_animation=\u00bb\u00bb row_type=\u00bbrow\u00bb use_row_as_full_screen_section=\u00bbno\u00bb type=\u00bbfull_width\u00bb angled_section=\u00bbno\u00bb text_align=\u00bbleft\u00bb background_image_as_pattern=\u00bbwithout_pattern\u00bb][vc_column offset=\u00bbvc_hidden-lg vc_hidden-md vc_hidden-sm\u00bb][vc_row_inner row_type=\u00bbrow\u00bb type=\u00bbgrid\u00bb text_align=\u00bbcenter\u00bb css_animation=\u00bb\u00bb css=\u00bb.vc_custom_1695402086062{margin-right: 0px !important;margin-left: 0px !important;background-image: url(https:\/\/www.viejohotelostende.com.ar\/home\/wp-content\/uploads\/bn-alojamiento-2022.jpg?id=290) !important;}\u00bb el_class=\u00bbbanner\u00bb][vc_column_inner][vc_column_text]\n<h1>Alojamiento<\/h1>\n[\/vc_column_text][\/vc_column_inner][\/vc_row_inner][\/vc_column][\/vc_row][vc_row css_animation=\u00bb\u00bb row_type=\u00bbrow\u00bb use_row_as_full_screen_section=\u00bbno\u00bb type=\u00bbgrid\u00bb angled_section=\u00bbno\u00bb text_align=\u00bbcenter\u00bb background_image_as_pattern=\u00bbwithout_pattern\u00bb css=\u00bb.vc_custom_1695402231717{padding-bottom: 55px !important;}\u00bb z_index=\u00bb\u00bb][vc_column][vc_row_inner row_type=\u00bbrow\u00bb type=\u00bbgrid\u00bb text_align=\u00bbcenter\u00bb css_animation=\u00bb\u00bb css=\u00bb.vc_custom_1695671731527{margin-right: 0px !important;margin-left: 0px !important;background-image: url(https:\/\/www.viejohotelostende.com.ar\/home\/wp-content\/uploads\/bn-alojamiento-2022.jpg?id=290) !important;}\u00bb el_class=\u00bbbanner bannerdesktop\u00bb][vc_column_inner][vc_column_text]\n<h1>Alojamiento<\/h1>\n[\/vc_column_text][\/vc_column_inner][\/vc_row_inner][vc_row_inner row_type=\u00bbrow\u00bb type=\u00bbfull_width\u00bb text_align=\u00bbleft\u00bb css_animation=\u00bb\u00bb][vc_column_inner][vc_empty_space][vc_column_text el_class=\u00bbtexto\u00bb]M\u00e1s de cien a\u00f1os de existencia atesoran el paso del tiempo en un hotel c\u00e1lido y sencillo que preserva los detalles de la historia. El VHO cuenta con habitaciones dobles y triples, departamentos equipados, aire acondicionado, cajas de seguridad individuales, restaurante, videoteca, microcine, biblioteca, pileta climatizada, balneario propio, recreaci\u00f3n infantil, bar, sal\u00f3n de juegos y conexi\u00f3n wifi en \u00e1reas comunes. Misterio, gracia y personalidad. Y fantasmas, claro.[\/vc_column_text][vc_column_text el_class=\u00bbtexto\u00bb]De las m\u00e1s de cincuenta habitaciones, ninguna es igual a otra. El hotel cuenta con\u00a0<a href=\"https:\/\/www.viejohotelostende.com.ar\/es\/habitaciones#antiguas\">habitaciones antiguas<\/a>, un sector de\u00a0<a href=\"https:\/\/www.viejohotelostende.com.ar\/es\/habitaciones#remodeladas\">habitaciones remodeladas<\/a>\u00a0y otro de\u00a0<a href=\"https:\/\/www.viejohotelostende.com.ar\/es\/apart_hotel\">departamentos<\/a>. Entre detalles de \u00e9poca y muebles originales los hu\u00e9spedes encuentran el perfecto equilibrio entre comodidad y estilo.[\/vc_column_text][qode_content_slider auto_rotate=\u00bb0&#8243; enable_drag=\u00bbyes\u00bb direction_nav=\u00bbyes\u00bb control_nav=\u00bbno\u00bb][qode_content_slider_item][vc_single_image image=\u00bb448&#8243; img_size=\u00bbfull\u00bb qode_css_animation=\u00bb\u00bb][\/qode_content_slider_item][qode_content_slider_item][vc_single_image image=\u00bb449&#8243; img_size=\u00bbfull\u00bb qode_css_animation=\u00bb\u00bb][\/qode_content_slider_item][qode_content_slider_item][vc_single_image image=\u00bb450&#8243; img_size=\u00bbfull\u00bb qode_css_animation=\u00bb\u00bb][\/qode_content_slider_item][qode_content_slider_item][vc_single_image image=\u00bb451&#8243; img_size=\u00bbfull\u00bb qode_css_animation=\u00bb\u00bb][\/qode_content_slider_item][qode_content_slider_item][vc_single_image image=\u00bb452&#8243; img_size=\u00bbfull\u00bb qode_css_animation=\u00bb\u00bb][\/qode_content_slider_item][qode_content_slider_item][vc_single_image image=\u00bb453&#8243; img_size=\u00bbfull\u00bb qode_css_animation=\u00bb\u00bb][\/qode_content_slider_item][qode_content_slider_item][vc_single_image image=\u00bb454&#8243; img_size=\u00bbfull\u00bb qode_css_animation=\u00bb\u00bb][\/qode_content_slider_item][\/qode_content_slider][\/vc_column_inner][\/vc_row_inner][\/vc_column][\/vc_row]\n<\/section>","protected":false},"excerpt":{"rendered":"<p>[vc_row css_animation=\u00bb\u00bb row_type=\u00bbrow\u00bb use_row_as_full_screen_section=\u00bbno\u00bb type=\u00bbfull_width\u00bb angled_section=\u00bbno\u00bb text_align=\u00bbleft\u00bb background_image_as_pattern=\u00bbwithout_pattern\u00bb][vc_column offset=\u00bbvc_hidden-lg vc_hidden-md vc_hidden-sm\u00bb][vc_row_inner row_type=\u00bbrow\u00bb type=\u00bbgrid\u00bb text_align=\u00bbcenter\u00bb css_animation=\u00bb\u00bb css=\u00bb.vc_custom_1695402086062{margin-right: 0px !important;margin-left: 0px !important;background-image: url(https:\/\/www.viejohotelostende.com.ar\/home\/wp-content\/uploads\/bn-alojamiento-2022.jpg?id=290) !important;}\u00bb el_class=\u00bbbanner\u00bb][vc_column_inner][vc_column_text] Alojamiento [\/vc_column_text][\/vc_column_inner][\/vc_row_inner][\/vc_column][\/vc_row][vc_row css_animation=\u00bb\u00bb row_type=\u00bbrow\u00bb use_row_as_full_screen_section=\u00bbno\u00bb type=\u00bbgrid\u00bb angled_section=\u00bbno\u00bb text_align=\u00bbcenter\u00bb background_image_as_pattern=\u00bbwithout_pattern\u00bb css=\u00bb.vc_custom_1695402231717{padding-bottom: 55px !important;}\u00bb z_index=\u00bb\u00bb][vc_column][vc_row_inner row_type=\u00bbrow\u00bb type=\u00bbgrid\u00bb text_align=\u00bbcenter\u00bb css_animation=\u00bb\u00bb css=\u00bb.vc_custom_1695671731527{margin-right: 0px !important;margin-left: 0px !important;background-image:&#8230;<\/p>\n","protected":false},"author":1,"featured_media":0,"parent":0,"menu_order":0,"comment_status":"closed","ping_status":"closed","template":"full_width.php","meta":{"inline_featured_image":false,"footnotes":""},"class_list":["post-288","page","type-page","status-publish","hentry"],"_links":{"self":[{"href":"https:\/\/www.viejohotelostende.com.ar\/home\/wp-json\/wp\/v2\/pages\/288"}],"collection":[{"href":"https:\/\/www.viejohotelostende.com.ar\/home\/wp-json\/wp\/v2\/pages"}],"about":[{"href":"https:\/\/www.viejohotelostende.com.ar\/home\/wp-json\/wp\/v2\/types\/page"}],"author":[{"embeddable":true,"href":"https:\/\/www.viejohotelostende.com.ar\/home\/wp-json\/wp\/v2\/users\/1"}],"replies":[{"embeddable":true,"href":"https:\/\/www.viejohotelostende.com.ar\/home\/wp-json\/wp\/v2\/comments?post=288"}],"version-history":[{"count":54,"href":"https:\/\/www.viejohotelostende.com.ar\/home\/wp-json\/wp\/v2\/pages\/288\/revisions"}],"predecessor-version":[{"id":691,"href":"https:\/\/www.viejohotelostende.com.ar\/home\/wp-json\/wp\/v2\/pages\/288\/revisions\/691"}],"wp:attachment":[{"href":"https:\/\/www.viejohotelostende.com.ar\/home\/wp-json\/wp\/v2\/media?parent=288"}],"curies":[{"name":"wp","href":"https:\/\/api.w.org\/{rel}","templated":true}]}}